 = 3. Let t(y) = 21*y**2 + 20*y - 46. Let c be t(8). Suppose 0 = 3*w + 3*m - c, w - 40 - a = -3*m. Is w composite?
False
Let j(k) = -k**3 - 7*k**2 - 9*k + 3. Let f be j(-7). Let g = 69 - f. Suppose 479 = 5*s + g*w, 190 = 3*s - s + 2*w. Is s composite?
False
Is (-332*(-12)/(-72))/((-6)/14913) a composite number?
True
Suppose -14*n - 20*n = -28*n - 107106. Is n a composite number?
False
Is 4 + -5 + 83817 + (-5 - (11 + -13)) a composite number?
False
Let t be -2 + (-3)/(-2) + 34611/6. Let g = t - 3021. Is g prime?
False
Let r be ((-185)/(-111))/(2/(-6)). Is ((-575425)/(40/8))/r prime?
True
Let g(m) = -4*m**3 - 7*m**2 - 6*m - 2. Let d be g(-4). Let j(h) = 79*h**3 - 2*h**2 - h + 1. Let l be j(-1). Let t = d + l. Is t composite?
True
Suppose 5*q + 27487 + 5286 = -3*k, 3*k + 3 = 0. Let w = q - -11815. Is w composite?
False
Let y = -2032 + 12677. Is y a prime number?
False
Suppose -h = 2*b - 62335, 2*h - 4*b - 38066 - 86580 = 0. Is h prime?
False
Suppose -52263 + 75426 = 21*d. Is d composite?
False
Suppose -4*q - 3*p + 32276 = 0, -2*p = 5*q - 27159 - 13193. Suppose 0 = 15*t - 23*t + q. Is t prime?
True
Is 99965 + (2/(-23) - ((-1463)/161 + 7)) a composite number?
True
Is 8626 + -4*(3 - 95/20) prime?
False
Suppose 0 = -2*q + 2*k + 630, 2331 = 5*q + 2*k + 756. Is 2970/q - (8/(-14) + 0) prime?
False
Let k = -20 + 18. Let l be (k/6)/(5/(-105)). Suppose 3663 = 16*r - l*r. Is r prime?
False
Suppose 10*j - 137286 - 322544 = 0. Is j a prime number?
False
Suppose -y + 20*c + 6 = 19*c, y + c = 4. Is (1356 - 0) + y/(5 - 0) a prime number?
False
Let b = -1661 + -4093. Let p = -2263 - b. Is p prime?
True
Suppose -219871 = -16*n + 219274 + 233543. Is n composite?
False
Suppose 3*c + 5*h + 935 = 7177, -4*c + 8330 = 3*h. Suppose -47*t + 43*t = -c. Is t a prime number?
True
Suppose 7*u - 44 = -37. Let f(p) = 4006*p**3 - 5*p + 6. Is f(u) prime?
True
Suppose -15930656 = 492*v - 524*v. Is v composite?
True
Suppose 3*n + 16438 = 2*d + 3651, 4*d + 5*n - 25541 = 0. Is d a prime number?
True
Let i(y) = 25*y**2 + 12*y + 6. Let m = 46 + -52. Let u be i(m). Suppose 4*n + 3*d = 11053, -5*d - u = 3*n - 9110. Is n a composite number?
False
Suppose -69*b + 7*b - 55*b = -6575049. Is b prime?
True
Let t be (198/132)/((-56577)/56578 + 1). Suppose s = -0 + 1, 5*w = -2*s + t. Is w prime?
False
Let k(d) = -d**2 - 8*d - 14. Let u be k(-3). Let z(s) = -80*s**3 - s**2 + 1. Let t be z(-1). Let l = t - u. Is l a composite number?
False
Let b(n) = 0*n + 2*n + 4*n - 17 - 7*n. Let l be b(-17). Suppose -p - 1497 = -r - l*p, 0 = -p. Is r a composite number?
True
Suppose 13 = 2*l + 1. Suppose s = l*s - 7195. Suppose 28*t + s = 29*t. Is t a composite number?
False
Suppose 117*h - 4*t = 114*h + 138061, 0 = -5*h - 3*t + 230092. Is h a prime number?
False
Let z = -679515 - -1956080. Is z composite?
True
Is (82284/(-15))/((-12)/15) prime?
True
Suppose 2*i + j - 58741 = 0, -3*i - 2*j = 2*i - 146853. Is i a composite number?
True
Suppose 0 = -18*y + 15*y + 3003. Let d = y - -2364. Is d composite?
True
Suppose -35 - 1 = 12*x. Suppose -n + 3*u = -2, u + 10 = 5*n + 6*u. Is 539 + (x + n)*(-2 + 0) composite?
False
Let t = 439507 - 305336. Is t composite?
False
Let h(l) be the first derivative of -259*l**2/2 + 191*l + 142. Is h(-14) a prime number?
False
Suppose 4*j - 79010 = 17155 + 10127. Is j a prime number?
True
Suppose -73*f - 2*f + 11812700 = 25*f. Is f a prime number?
True
Let r(s) be the third derivative of 3*s**5/20 - 3*s**4/8 + 23*s**3/6 + 5*s**2. Let o(b) = 3*b + 7. Let v be o(-6). Is r(v) prime?
False
Suppose 0 = 3*v + 18, 63*z = 58*z - 4*v + 6341. Suppose 2*d = -0*d - 1752. Let k = d + z. Is k prime?
True
Suppose -90027458 = -337*i + 58669180 - 18168787. Is i prime?
False
Let q = 3334830 - 1955699. Is q composite?
True
Suppose 573*k = -4*v + 570*k + 325580, 3*v = -3*k + 244179. Is v composite?
False
Is (4 + -79064)*(-26 - -22) + 13 a composite number?
True
Suppose v = -4*r - 5469 - 1274, v - 3367 = 2*r. Let o = r + 3199. Is o prime?
False
Suppose m + 5*d - 100247 + 9384 = 0, -5*d - 181816 = -2*m. Is m a prime number?
False
Suppose 0*b - 1811 = b. Let r be (-2420)/(-10)*(0 + 11). Let s = b + r. Is s a prime number?
False
Suppose 4*d + 4*q = 2*d - 42, -2*d + 3*q - 21 = 0. Let s be (-12)/(-30) + (-39)/d. Is s - 7/2 - (-10892)/8 a prime number?
True
Let c(a) = 1159*a**2 - 112*a + 540. Is c(5) composite?
True
Let a be 8/3 - 22/33. Suppose 5*p = -u + 38008, p + a*u - 2380 = 5227. Is p a composite number?
True
Is ((-505652)/(-196))/((-1)/(-7)) a composite number?
False
Let n(p) = 1650*p**2 + 5*p - 5. Let c be n(2). Let t = 10594 - c. Is t prime?
True
Let d = 95 + -92. Let s be 8/12 + 1/d*3703. Suppose 5*b + 70 = s. Is b a composite number?
False
Suppose 5*v - 321 = 5*i + 24, -v - i + 73 = 0. Let l = 64 - v. Is 102/4*(l + (-646)/(-6)) a composite number?
True
Suppose -2898379 = -25*f + 7040796. Is f a composite number?
False
Suppose k + 40*j = 44*j + 223345, -2*k - 5*j + 446768 = 0. Is k a composite number?
True
Let k = 157 + -313. Let f = k + 97. Let r = f + 92. Is r composite?
True
Suppose 0 = 5*u - 115 + 80. Suppose u*s = 16606 + 11289. Is s a composite number?
True
Let c = 134898 + -60211. Is c a prime number?
True
Suppose 0 = 2*z + 5*r - 742, 2*z - 460 = -4*r + 280. Is z/488 + 5593/4 composite?
False
Suppose 2*i - 2*h = 10, 10*i = 6*i - h + 5. Let x(k) = -1822*k - i - 9 + 1838*k. Is x(3) composite?
False
Let n(r) = -r**3 + 3*r + 37625. Let x be n(0). Suppose 23*b - x - 17828 = 0. Is b composite?
False
Suppose -7*w = 16935 - 72865. Is -1 + w + (-1 - (-12)/4) a composite number?
True
Let j = 135 - 66. Suppose 4*b = j - 53. Suppose 0*v - 2203 = -5*v + b*i, -5*v + 2191 = 2*i. Is v a composite number?
False
Let j be 0 - (1 + (4 - 1)). Let u(m) = -8*m**3 + m**2 + 5*m + 9. Let t be u(j). Let a = t + 132. Is a a composite number?
True
Suppose 0 = 3*a - 3*d - 219828, 2*d - 146549 = -2*a + 7*d. Is a composite?
False
Let k(n) = -145*n - 52. Let u be k(-24). Let p = u - 2265. Is p prime?
True
Let a(x) = 6*x**3 + x**2 + 15*x - 13. Suppose 58*f - 24 = 54*f. Is a(f) a composite number?
False
Let j(k) = 2*k**3 + 2*k - 20. Let r be j(0). Is (-6 - (-90790)/r)/((-1)/2) composite?
False
Let u(s) = -5*s. Let x be u(-1). Let d be (-2)/x + (-123776)/(-40). Let v = -1191 + d. Is v prime?
False
Suppose -3 = 5*v - 4*n - 6, -2*n = -v - 3. Suppose -5*m + 38810 = 3*r, v*r - 23280 = 5*m - 8*m. Is m a composite number?
True
Let v = 8602 - 5926. Suppose -19*g + 31*g = v. Is g a prime number?
True
Suppose 9*r - 5*r - 18827 = 5*l, 3*l = -5*r + 23506. Suppose -o + 2*c + 463 = -703, -5*c = 4*o - r. Is 1/(-1)*o*8/(-16) composite?
True
Let g be (-8)/(-3) + 187612/(-51). Let n = g - -7029. Is n composite?
True
Is (36/90)/(36/6371910) a prime number?
False
Let o(l) = 911*l**3 + 42*l + 9. Is o(8) composite?
False
Suppose 13004420 = 238*g - 18*g. Is g a composite number?
True
Let n be 2/3 - 2900/(-6). Let a = 1055 - 870. Let u = n - a. Is u a composite number?
True
Suppose 0 = -16*r + 69291 + 933637. Is r a prime number?
True
Let t(y) be the third derivative of 49*y**4/8 + 83*y**3/6 + 14*y**2. Is t(8) a composite number?
False
Let m = 998330 + -483479. Is m a composite number?
True
Suppose -273*u - 50*u + 63262457 = 0. Is u prime?
False
Let j(m) = -m**2 + m + 5. Let w be j(2). Let z = w + -4. Is z*2/6*-267 a composite number?
False
Suppose 9*d - 223 = -187. Is (10/d - 2)/(6/101316) composite?
False
Let c(l) = 27*l**2 - 23*l + 60. Let g be c(12). Is (-9 - -1 - -1) + g prime?
False
Let k be ((0 - 0) + 725)*(5 + 0). Suppose -k = 19*h - 71094. Is h prime?
False
Let m(i) = 3*i**3 - 14*i**2 + 8*i - 8. Let q be m(13). Suppose 3*u + q = 14308. Is u a prime number?
True
Suppose 32968*k - 121054311 = 32941*k. Is k a composite number?
True
Suppose 0 = -162*x + 207*x - 9688455. Is x composite?
True
Suppose 0 = 2*f, 0 = 80*w - 83*w + 4*f + 70269. Is w a composite number?
True
Let q(l) = -l**2 + l + 2. Let c be q(4). Let i(w) = 139*w**2 - 5*w - 39. Is i(c) composite?
True
Suppose 12*m + 41*m - 1628104 = 5590549. Is m a composite number?
True
Is (-2*(-279329)/5)/(360/900) a composite number?
False
Suppose z - 3*z + 5010 = 0. Let j = 3868 - z. Is j a prime number?
False
Let j be 99*(1218/18 + -3). Suppose 78*y = 84*y - j. Is y a prime number?
False
Let t